te the remainder when 26 is divided by (18/(-4))/((-1)/2).
8
Let l = 9 - 7. Let a be (-2 + 0)/(-1) - l. Suppose a = -2*v + 4*u + 20, v - 3*u - 4 = 5. Calculate the remainder when 34 is divided by v.
10
Let o = -18 - -28. Let m(u) = -7*u + 15. Let b be m(-13). Suppose -4*w - j = j - 112, 0 = 4*w + 5*j - b. What is the remainder when w is divided by o?
9
Suppose 0 = -6*g + 31 + 65. Calculate the remainder when 27 is divided by g.
11
Suppose z - 23 - 28 = 5*a, 5*z - 2*a = 209. Let t(w) = 4*w + 3. Let d be t(-8). Let p = d + z. What is the remainder when 23 is divided by p?
11
Let a(g) = 3*g - 3. Let r(s) = 2*s - 2. Let d(m) = -5*a(m) + 8*r(m). Let u be d(4). Suppose -5*n + u*n + 18 = 0. What is the remainder when 25 is divided by n?
7
Suppose -4*i - 24 = -4*s, 2*s - 5*i - 22 = -s. Let z(t) = 4 + 5*t - s + t**2 + 2*t - 5. What is the remainder when 73 is divided by z(-10)?
23
Suppose 0 = 4*f + f - 85. What is the remainder when f is divided by 5?
2
Let j = -76 - -46. What is the remainder when ((-12)/j)/((-1)/(-15)) is divided by 4?
2
Let w be (-65)/(-20) + (-2)/8. Suppose 3*d - w*f - 30 = -0*d, -d - 3*f = 2. What is the remainder when d is divided by 5?
2
Suppose -k = 5*k - 102. What is the remainder when 3/(-12) + (-258)/(-8) is divided by k?
15
Suppose -13*s + 33 = -10*s. What is the remainder when 29 is divided by s?
7
Let o = 71 - 50. What is the remainder when 39 + (-3 - (-20)/4) is divided by o?
20
Let w(q) = q**2 + 6*q + 5. Calculate the remainder when w(-7) is divided by 7.
5
Suppose i - 1 = 173. Suppose 16 = -4*k, -2*z - k - k + i = 0. Calculate the remainder when z is divided by 23.
22
Suppose -6*g + 10 = -128. What is the remainder when 91 is divided by g?
22
Suppose -3*f - 397 = -8*f + 3*p, p = -5*f + 381. Calculate the remainder when f is divided by 13.
12
Let a = -10 + 18. What is the remainder when 22 is divided by a?
6
Suppose 240 = -3*d + 6*d. Suppose -2*b = 4*k - d + 20, 4*b = -3*k + 100. Let f = 15 + b. Calculate the remainder when f is divided by 19.
18
Let z be (-4)/(-10) + (-52)/(-20). Suppose -568 = 5*t - z*t. What is the remainder when t/(-14) + 6/(-21) is divided by 7?
6
Calculate the remainder when (-4)/2*35/(-10) is divided by 2.
1
Calculate the remainder when 5 - (3 + (-1 - -1)) is divided by 2.
0
Suppose 4*r = 2*t - t + 14, 5*r = -2*t + 24. Suppose -34 - 6 = -5*p. What is the remainder when (-1 - 0)/(r/(-92)) is divided by p?
7
Let i(h) = -h**3 - 3*h**2 - 2*h - 1. Let t be i(-3). Let w(n) = 0*n + n + 7 - 3*n + t*n. What is the remainder when w(6) is divided by 9?
7
Let g(k) = k. Calculate the remainder when 7 is divided by g(3).
1
Let f be 2/(-2)*(3 + -5). Calculate the remainder when 29 is divided by -2 - f/(-2) - -11.
9
Let a(z) = 5*z - 1. Suppose -3*h + 4*k - 3 = -2, k = -2*h + 3. Let y(q) = q - 1. Let p(r) = h*a(r) - 4*y(r). What is the remainder when 51 is divided by p(10)?
12
Let q(p) = p - 6. Let u be q(6). Let k(r) = r**2 + 23. What is the remainder when k(u) is divided by 6?
5
Suppose 4*g = -5*m - 53, -4*m - 1 - 12 = -g. Calculate the remainder when (-2 + 1)*g - 2 is divided by 3.
2
Let n be 2/9 - 96/(-54). What is the remainder when 29 is divided by n - 4 - 48/(-4)?
9
Suppose -b - b + 8 = 0. Let q(u) = 3*u. Calculate the remainder when 46 is divided by q(b).
10
Let o = 21 - 10. Let w = 31 - 10. What is the remainder when w is divided by o?
10
Let s = -2 - -7. Suppose 2*h - 2 = -2*h - 5*p, s*p + 10 = 0. Let b = 10 - 5. What is the remainder when b is divided by h?
2
Suppose u - 4*u = -18. Suppose i - u = -0*i. What is the remainder when 1/(2 - (-31)/(-16)) is divided by i?
4
Let b(h) = -3*h - 2. Calculate the remainder when 74 is divided by b(-7).
17
Suppose -f + 31 = 4*b, 0 = -b + 2*f + 2*f + 29. Calculate the remainder when 17 is divided by b.
8
Let d = -35 - -72. What is the remainder when d is divided by 20?
17
Suppose -r + 20 = -0*r. Let l(m) = -m**2 + 9*m - 1. What is the remainder when r is divided by l(8)?
6
Let f = -4 + 14. Let g(s) = s**3 - 6*s**2 - 7*s + 1. Let q be g(7). What is the remainder when f is divided by (q + 7)/4 - -2?
2
Let h(x) = -x**2 - 8*x - 1. Let f be h(-6). Let s = 4 + -2. Suppose f = s*y - 41. Calculate the remainder when y is divided by 14.
12
Let t(z) = z**2 - 6*z + 5. What is the remainder when (-5 + 8)*17/3 is divided by t(6)?
2
Let t(q) = -q**3 - 16*q**2 + 14*q - 23. Calculate the remainder when t(-17) is divided by 9.
1
Suppose 2 = t, 2*t + 164 = 5*k - 2*k. Calculate the remainder when 16/k - (-472)/14 is divided by 12.
10
Let o(g) be the second derivative of -g**3/6 + g**2 - 7*g. What is the remainder when 5 is divided by o(-2)?
1
Let r = 36 + -12. What is the remainder when 44 is divided by r?
20
Let o = 9 + -1. What is the remainder when 12 is divided by o?
4
Let r be 3 + 0 + 1/(-1). Suppose r*j + 0*h = 4*h + 18, 73 = 5*j + 4*h. Calculate the remainder when j is divided by 5.
3
Calculate the remainder when (10 + 2)/(-3 - 108/(-32)) is divided by 3/12 + (-70)/(-8).
5
Suppose 0 = h - 2*h + 6. Calculate the remainder when h is divided by 5.
1
Let k be ((-20)/12)/(-5)*15. Suppose 4*j + 0*d - 168 = 2*d, -2*j + 72 = k*d. Calculate the remainder when j is divided by 14.
13
Suppose 46 = c + 14. Calculate the remainder when c is divided by 11.
10
Suppose -3*r + 131 = 6*w - 2*w, 0 = 4*w + 5*r - 133. What is the remainder when w is divided by 11?
10
Suppose -q = 3*q. Let g be 1 - q - 3 - -2. Suppose g = -2*o - 0*o + 22. Calculate the remainder when 31 is divided by o.
9
Let k(c) = c**3 - 6*c**2 + 5*c - 4. Let v(z) = z**2 + 3*z - 1. Let m be v(-2). Let t(p) = 3*p**2 + 3*p - 4. What is the remainder when k(6) is divided by t(m)?
12
Suppose -l - 3 = 0, -3*l + 37 + 221 = 3*s. Calculate the remainder when s is divided by 10.
9
Suppose 2*m = -l - 2, 2*l + 0*l + m + 1 = 0. What is the remainder when 16/12*(24 + l) is divided by 18?
14
Let l(y) = -3*y - 4. Let s(p) = -1. Let z(t) = l(t) - 6*s(t). Calculate the remainder when z(-2) is divided by 3.
2
Let q be 9/(-12) + (-22)/(-8). Suppose -q = -4*b + 38. Calculate the remainder when 19 is divided by b.
9
Let h(f) be the second derivative of -f**4/12 + 13*f**3/6 - 13*f**2/2 + 2*f. Calculate the remainder when 26 is divided by h(11).
8
Suppose 3*c - 24 = -g, -7*c + 42 = -4*c - 5*g. Let d(b) = b**2 + 2*b - 1. Calculate the remainder when d(5) is divided by c.
7
Let o be (-10)/(-6) + 1/3. Suppose 14 + 28 = o*u. What is the remainder when u is divided by 11?
10
Let g(t) = -2*t. Let l be g(-2). Suppose 0*r + 12 = -l*r. What is the remainder when ((4 + r)*-14)/(-2) is divided by 4?
3
Suppose 4*c - 3 = 1. Let w be 2 - (c - -2) - -7. Calculate the remainder when (-67)/(-5) - w/15 is divided by 7.
6
Let t(g) = 2*g**2 + 7*g + 4*g - 3*g**2 - 8. Let p be 2/4 - 105/(-14). What is the remainder when t(p) is divided by 9?
7
Calculate the remainder when 32 is divided by 4*7/(-12)*-3.
4
Suppose 0*l + 2*l = 4*a, 2*l = -2*a + 6. Suppose -o - l*o = -21. Calculate the remainder when 13 is divided by o.
6
Suppose -5*l + 162 = -3*b - 0*b, -5*b = -5. What is the remainder when l is divided by 17?
16
Let q(h) = h**3 - 5*h**2 - 6*h + 5. Let m(i) = 2*i**2 + i + 3. What is the remainder when m(-3) is divided by q(6)?
3
What is the remainder when (-2)/(-11) + 1764/99 is divided by 7?
4
Suppose -3*z = -0*w - 4*w - 89, 3*z + 5*w = 98. Calculate the remainder when z is divided by 8 - 0/(1*-3).
7
Let q be 9/6*(0 - 2). Let d = q - -3. Suppose 2*o + 24 = 2*t - o, 4*o - 16 = d. Calculate the remainder when 52 is divided by t.
16
Let w be (-1)/4 + (-25)/(-4). Let y = 14 - 23. Calculate the remainder when 10 is divided by (y/2)/(w/(-8)).
4
Let h = -4 + 7. Suppose 0 = -5*g + t + 214, 134 = h*g - 2*t - 0*t. Suppose -i - 22 = -2*i. Calculate the remainder when g is divided by i.
20
Suppose 0 = 3*c - 3*g - g - 8, -2*c + 4*g + 4 = 0. Let v be 10*(0 - 3/(-6)). What is the remainder when v/10 - (-82)/c is divided by 11?
10
Let f = -189 - -266. Calculate the remainder when f is divided by 26.
25
Let r(z) = -2*z**2 - 23*z - 12. What is the remainder when r(-9) is divided by 18?
15
Let f(g) = -6*g - 24. Calculate the remainder when f(-9) is divided by 16.
14
Suppose 0 = -2*f + 12 + 96. Suppose -5*x - 5*w = -0*w - 50, 0 = 3*x - 3*w - f. What is the remainder when x is divided by 4?
2
